. What is the units digit of o?
2
Let g(w) = -w**3 - 26*w**2 + 40. Let v be g(-26). Suppose -2646 = 31*n - v*n. What is the tens digit of n?
9
What is the tens digit of ((-8)/14 - 279/63) + -4 + 9578?
6
Let u(r) be the first derivative of 101*r**4/2 + r**3/3 - r**2/2 + r - 26. Let a be u(1). Let h = -49 + a. What is the tens digit of h?
5
Suppose -4*f = 3*p - 45, -2*f + 5*p + 100 = 3*f. What is the units digit of (-22*f/(-12))/((-3)/(-36))?
0
Let g(q) = -125*q + 104*q**2 + 18 + 20*q**2 - 7*q**2 + 115*q. What is the hundreds digit of g(3)?
0
Let g(v) = 10706*v + 498. What is the thousands digit of g(1)?
1
Suppose 45*y = 47*y + 4*c - 1212, 5*c + 25 = 0. What is the tens digit of y?
1
Let p(h) = h**3 + 18*h**2 - 40*h - 5. Let d be p(-20). What is the units digit of (-54)/15*d*(-1150)/(-15)?
0
Suppose -4*h - 5*v = -1037, 0*h = h - 4*v - 254. Suppose 0 = 6*r - 0*r + h. Let s = 125 + r. What is the units digit of s?
2
Let o = 194 + 6. Let y be 15/(-10)*(-32)/12. What is the units digit of -1*(o/(-72) - y/18)?
3
Let a(i) = -7*i**2 + 3*i - 1. Let j(v) = -v**2 - 2*v + 9. Let h be j(-4). Let q be a(h). Let n(b) = b + 26. What is the tens digit of n(q)?
2
Let q be -7 + 10 - (-440 + -1). Let r = q + -267. Let z = r + -96. What is the units digit of z?
1
Let c(b) = 23*b**2 + 51*b + 126. What is the tens digit of c(16)?
3
Suppose 0 = 5*x + 4*t - t - 3, -x + t - 1 = 0. Suppose x*a = -3*a - 3*b + 225, -b - 300 = -4*a. What is the tens digit of a?
7
Let o = -524 - -531. Suppose -o*q + 4368 + 8407 = 0. What is the thousands digit of q?
1
Let y = 9 + 7. Let n(s) = -s**2 - 13 + 5 + 6 + y*s. What is the units digit of n(12)?
6
Let w(u) = -5*u + 53. Let n be w(8). Suppose n*d - 3480 = 5*d. What is the hundreds digit of d?
4
Suppose 0*x + 3*x + 72 = 0. Let y = x + 28. Suppose 12 = -4*f - 4*q + 196, -5*f + 230 = y*q. What is the tens digit of f?
4
Let p = 3555 + -357. Suppose 2*s + p = 5*s. What is the tens digit of s?
6
Let x(m) = -8 + 3*m**2 + 6*m + m + 0 + 14. Suppose 0 = 5*v - 3*v - 8. What is the units digit of x(v)?
2
Let w(h) = 7*h - 2. Suppose 3*f + 34 = -7*c + 2*c, 3*f - 2*c - 1 = 0. Let g be (-15)/f - (-4 - -1). What is the tens digit of w(g)?
5
What is the units digit of (-3 + 27864)*(17 + -16)*(-1)/(-3)?
7
Let c = 2656 + -2652. Suppose -3*w = 2*r - 78, 0 = -5*r - 5*w + 96 + 109. Suppose c*p - p - r = 0. What is the tens digit of p?
1
Suppose -308*q = -309*q + 13. Suppose 0 = -q*p + 7*p + 6. What is the units digit of p?
1
Let d be (24/7)/(1/511). Suppose 0 = -12*n + d - 528. What is the units digit of n?
2
Let x(f) be the first derivative of 2*f**3/3 + 30*f**2 + 139*f + 3. What is the hundreds digit of x(-39)?
8
Suppose 1208 = 5*k - 2*g, -5*k + 728 = -2*k + 2*g. Let i = 341 - k. Let b = 191 - i. What is the tens digit of b?
9
Suppose 20*j - 32*j + 86328 = 0. What is the units digit of j?
4
Let f(o) = -o**2 + 7*o - 4. Let n be f(6). Suppose g = -5*a - 2*g + 145, -3*a + n*g = -106. Let b = a - 13. What is the tens digit of b?
1
Suppose 2*j + 6 = -j. Let r(y) = -51*y - 6. Let g be r(j). What is the units digit of (-1)/(g/(-95) - (-7)/7)?
5
Suppose -y - 436*x + 441*x + 11768 = 0, 0 = 5*y + 2*x - 58678. What is the units digit of y?
8
Let q be 6 + (-5 - -7) + -3. Suppose 0 = 2*u - q*k - 131, -k + 3*k + 254 = 4*u. What is the tens digit of u?
6
Let j = -548 - -10292. What is the thousands digit of j?
9
Let z(v) = -v**3 - 8*v**2 + 10*v + 13. Let x be z(-9). Let y be 24/x*((-15)/(-2))/3. Let s = 39 + y. What is the units digit of s?
4
Suppose -4*g - 3771 - 2900 = -5*g. What is the hundreds digit of g?
6
Let u = 74 - 70. Let m be 238 - (-1 + (-24)/u - -3). Suppose -6*f = 5*f - m. What is the units digit of f?
2
Let l be (1638/(-35))/((-3)/(-60)*4). Let v be 3 + 0 - (-7740)/(-18). Let p = l - v. What is the units digit of p?
3
Let i = -4895 + 7662. What is the tens digit of i?
6
Let r(d) = 4 + 0*d**2 - 5*d**2 + d**3 - 5*d + 2*d + 13. What is the tens digit of r(7)?
9
Let h be 1412964/450 + 2/25. Suppose -18*w = -8*w - h. What is the hundreds digit of w?
3
Let q = 29 + -984. Let j = -302 - q. What is the tens digit of j?
5
Let o be (-8)/(-10) + (-5)/(-25). Let n be o - 3928/(-18) - (-6)/(-27). Let g = -26 + n. What is the hundreds digit of g?
1
Suppose 0 = 4*a - 6*a - 4*h - 22, -a = -h + 8. Let k be a/3*(-5)/3. Suppose -4*b + 235 = b + 5*d, -2*b - k*d = -106. What is the units digit of b?
3
Let j be 7935/45 + (-2)/(-3). Let q = j - 95. Let r = q + -45. What is the units digit of r?
7
Suppose 4*t - 208 = -4*d, 0 = -t - 6*d + d + 72. Suppose -3*u + 235 = 6*i - 7*i, i = 2*u - 157. Let n = t + u. What is the tens digit of n?
2
What is the thousands digit of 576/(-360) + 28916/10?
2
What is the hundreds digit of (-62631)/(-27) - (-4)/(-6)?
3
Let g(d) = -d**2 - 18*d - 14. Let k be 6*4/72*(-102)/2. Let j be g(k). Suppose -4*a - 4*r = -904, 0 = j*a - 3*r - 268 - 428. What is the units digit of a?
9
Suppose 15*c - 12*c - 186198 = 3*z, 2*c - 124108 = -4*z. What is the tens digit of c?
6
Let k(j) be the first derivative of j**3/3 - j**2/2 - 3*j - 16. Let u be k(0). What is the tens digit of u*4/(24/(-34))?
1
Let y(p) = -4*p + 215. Suppose 20 = k + o + 4*o, 0 = 4*k + 2*o - 152. What is the tens digit of y(k)?
5
Let d(n) = -241*n - 1378. What is the tens digit of d(-31)?
9
Let s(b) = b**3 - 16*b**2 - 72*b - 55. What is the thousands digit of s(25)?
3
Let a(i) = 34 + 39*i + 34*i - 77*i + 19. Let u be a(12). Suppose -9 = -3*l, -2*l = -u*v - l + 762. What is the units digit of v?
3
Let z be (-5710)/130 + 6/(-78). What is the hundreds digit of z/((-11)/(-1)) - -1*557?
5
What is the units digit of -2 + 5 + (-39 - -30) - -439?
3
Suppose 7*z + 51 = 121. What is the tens digit of 2/z + (-2142)/(-15)?
4
Let a = 24 + -19. Suppose 0 = -4*p + y + 41, -3*p + 42 = a*y - 2*y. Suppose p*h + 6 = 17. What is the units digit of h?
1
Let b(x) = -x**3 - 8*x**2 + 16*x + 14. Let j = 52 + -59. Let p(a) = a**2 + 13*a + 31. Let o be p(j). What is the tens digit of b(o)?
0
Let i(n) = -9*n - 25. Let y be i(-3). Let t(h) = 50*h + 5. What is the hundreds digit of t(y)?
1
Suppose 0 = i + 43*i - 857032. What is the hundreds digit of i?
4
Suppose 3*y - 68 = 5*c, -c + 5*y = y. Let i be 0 + (121 - 1)/(-3). Let t = c - i. What is the units digit of t?
4
Let t be ((-2)/4)/(28/(-280)). Suppose -5*k + 25 - t = 0. Suppose y - k*y + 9 = 0. What is the units digit of y?
3
Let l(r) = -3*r**2 + 9*r - 18. Let a be l(5). Let j = 282 - a. What is the hundreds digit of j?
3
Let z be (-34)/(-4)*(6 + 3 + 245). Suppose 4*g + 247 = z. What is the units digit of g?
8
Let i = -59 - -58. Let c be ((-11688)/(-18) - i) + 2/(-6). Suppose 5*w = 4*a + 685, 0 = -2*w - 3*w - 3*a + c. What is the units digit of w?
3
Let o be -150*(-1)/((-25)/10). Let q be 850*8/o*-3. What is the units digit of 1/(-4*(-5)/q)?
7
What is the tens digit of (-18)/315*-84545*63/9?
1
Let s = 13277 - 6189. What is the units digit of s?
8
Suppose 4*d + 8 = 0, -33*d + 1940 = f - 34*d. What is the hundreds digit of f?
9
Let p be (-1768)/(-91) - ((-20)/(-14) + -1). Let u(y) = 16*y - 81. What is the units digit of u(p)?
3
Let z be (-25)/(1575/54)*-637. Suppose -4*g - g - 3*l - 1747 = 0, -4*g - 3*l = 1400. Let i = g + z. What is the hundreds digit of i?
1
Suppose -x - 15 = -6*x. Suppose u = 5*u + x*n - 17, -2*u + 12 = -2*n. Suppose -4*h - 2*l + 400 = 0, -h = -5*l + u - 116. What is the hundreds digit of h?
1
Suppose 4*f - 10*n + 11*n - 36105 = 0, -n + 1 = 0. What is the hundreds digit of f?
0
Let p be ((-30)/4)/(-5)*80/(-15). What is the units digit of (p/6*5313/(-14))/1?
6
Suppose -41*m - 27216 = -3*f - 37*m, f - 2*m - 9074 = 0. What is the thousands digit of f?
9
Let y(b) = -b**3 - 13*b**2 - 4*b + 16. Let j be y(-12). Let i = j - -85. What is the tens digit of (-3)/i + (-8998)/(-55)?
6
Suppose -62*o = -75*o + 34905. What is the thousands digit of o?
2
Suppose 29 - 581 = 46*v. Let p(s) = 54*s - 1. Let d be p(1). Let o = d + v. What is the units digit of o?
1
Suppose 5*x - 35779 = -21*x - 11*x. What is the hundreds digit of x?
9
Let m = 43 - 38. Suppose 5*i + 0*s = -3*s + 7, 3*i - m*s - 11 = 0. Suppose -5*y + i*y - 2*q = 3, 2 = -4*y - 2*q. What is the units digit of y?
1
Suppose -2*y - 3*b = -6*y + 2211, y - b = 552. Suppose 3*x - y = 3*s, 0 = -7*x + 2*x + s + 905. 